 = -45512 - -435775. Is n prime?
True
Let l(a) be the second derivative of a**5/20 + 5*a**4/12 - a**3/2 - 2*a**2 - 7*a. Let c be l(-5). Suppose -22750 = -c*z + 14727. Is z a composite number?
False
Let v(l) = l**3 + 16*l**2 - 10*l + 14. Let j = 44 - 59. Let o = 6 + j. Is v(o) prime?
False
Suppose -52*z - 140*z = -77313286 - 87730106. Is z composite?
False
Let h be 2/(2/(-33)*1). Let o(u) = -2*u**2 + 55*u - 450. Let y be o(17). Is (-29532)/(-44) + y/h + -3 prime?
False
Let m(g) = 14*g**2 + 301*g + 26. Is m(37) prime?
False
Suppose 25085280 + 24390795 = 165*d. Is d composite?
True
Is (-4)/8 + 3040518/52 composite?
True
Let k be 7 - 2 - (-7)/(-3 - 4). Is -5 + 0 + (k + 64906)/5 a composite number?
True
Suppose -4*s = -v + 3405, -v - 44*s + 50*s = -3413. Is v a prime number?
True
Let r(s) = -27 - 5 + 133*s**2 + 73*s - 61*s. Is r(5) a prime number?
False
Let s(w) = 2*w**2 - 13*w - 1681. Is s(86) a composite number?
True
Suppose 211*r + 260279 = 216*r + 4*c, -2*r - 2*c + 104114 = 0. Is r composite?
False
Let c(o) = -o**3 - 14*o**2 + 2*o + 8. Let q be c(-14). Let x = q + -2. Let l(a) = -14*a - 46. Is l(x) a prime number?
False
Suppose -4*g = -2*g - 20. Suppose -2*s + 0*s + g = 0. Suppose 3*p + 74 = s*p. Is p a composite number?
False
Suppose 53*b - 3818775 = 7590862 + 10649016. Is b a prime number?
True
Let w = 13062 - 11819. Is w a composite number?
True
Let z = -90326 - -173265. Is z composite?
False
Let u be ((-32)/(-10))/((-2)/(-5) - 0). Suppose u*p - 2233 = -241. Suppose -s + 58 = -p. Is s composite?
False
Let d(c) = -4*c**3 + 2*c**2 + 5*c + 20. Let h be d(-6). Suppose s - h = -285. Is s a prime number?
True
Let a = 1130931 - 527800. Is a a composite number?
False
Suppose 0*h + 2*h - 145889 - 325325 = 0. Is h a composite number?
False
Suppose h = 3*h. Suppose -2*p - 1335 + 8201 = h. Is p a composite number?
False
Suppose n + 5*n - n = 493505. Is n a composite number?
True
Let t(w) = 14*w**2 + 11*w - 142. Let i be t(6). Suppose 2*z = 4*k + 50, k - 103 = -z - 4*z. Is i - (2/6)/(7/z) composite?
True
Let c(d) be the first derivative of -d**4/2 - 8*d**3/3 + d**2 + 13*d + 986. Let g(a) = -a**2 + 3*a + 3. Let b be g(5). Is c(b) composite?
False
Let v = -90402 + 260501. Is v a composite number?
False
Suppose 4*v - 14218 = 22*k - 25*k, -5*k = -5*v + 17790. Suppose -v = -6*l + 48368. Is l a prime number?
False
Let w(a) = 99*a**3 - a**2 - a - 1. Let l be w(-1). Let m = 473 + -306. Let u = m + l. Is u a prime number?
True
Suppose 619055 + 935127 = 14*r. Is r a prime number?
False
Let j(l) = 6369*l**2 + 156*l + 961. Is j(-6) composite?
False
Is 2 + (-4 + (-43841)/(-14))*58*1 composite?
False
Let g(f) = 2250*f**3 + 35*f**2 + 3*f + 35. Is g(12) composite?
False
Let p = 441 + -436. Suppose -3*z - p*s + 573 = 0, 0 = -3*z - 4*s + 5*s + 573. Is z composite?
False
Is (-1338)/(-15387) - 6766529/(-23) a prime number?
False
Let y(g) = -97*g + 6 + 48 + 18*g. Let n be -3 + 432/(-30) + 4/10. Is y(n) composite?
True
Let f be (-2 - (-25)/10)*-8. Let a be 6 - 0/(8/(-4) - f). Is (a/4 - 1)/(1/2582) prime?
True
Let x be (0 - -29)*(4 - 0). Let t(p) = x*p**2 - 59*p**2 - 63*p**2 - 5 + p**3 + 8*p. Is t(8) composite?
True
Suppose -116*l + 272174 = 32982. Suppose 32 = 4*h + 1108. Let b = h + l. Is b a prime number?
False
Let i(a) = 4678*a**3 + a**2 + 119*a - 473. Is i(5) a composite number?
False
Let a = -2832 - -2835. Suppose n + 1 = 4*c - 10, -5*c - 3*n + 1 = 0. Suppose -c*w - a*w + 1115 = 0. Is w composite?
False
Suppose -4*b = -4*g - 8, -3*b + 50 = 2*b + 5*g. Is (-26880)/(-45) - 2/b a composite number?
True
Let s = 5 - 5. Suppose s = 5*g + 149 + 836. Let a = 384 + g. Is a a prime number?
False
Let w(v) = -218*v**3 - 2*v**2 - 8. Let q be w(5). Let a = 5979 - q. Is a a prime number?
True
Suppose 398 = 5*r - 7*r. Let o be (-10)/(-25) + -1454*r/10. Suppose -7*v - o = -16*v. Is v a prime number?
False
Let t(n) = 54*n**3 - 16*n**2 - 8*n + 39. Is t(5) composite?
True
Let c(t) = 3046*t**2 + 23*t + 24. Let l(p) = 5*p**2 + 125*p - 1. Let j be l(-25). Is c(j) a prime number?
False
Suppose 5*w = 3*b + 4*w - 30, 0 = -5*b + 5*w + 60. Let g(f) = -11*f - 10*f + 5*f + b - 4*f. Is g(-5) a composite number?
False
Let b(r) be the first derivative of 7/2*r**2 - 1/4*r**4 - r + 10 + 8/3*r**3. Is b(-8) a composite number?
False
Suppose -4*u + 3*j = 0, 3*u - 4*j + 0*j = 7. Let a(c) = 247*c + 6. Let t(o) = 740*o + 19. Let b(n) = -7*a(n) + 2*t(n). Is b(u) prime?
True
Let m = 9921 + -40792. Let p = 101876 + m. Is (-2)/(-11) - p/(-121) composite?
False
Suppose -3*i + 972 = 3*p - 11580, 3*p - 2*i = 12552. Suppose -10 = -4*z + 2*z. Suppose 4*k + p = 4*r, -k - 2074 = -2*r - z*k. Is r a prime number?
False
Let p(m) be the third derivative of -1/12*m**4 + 18*m**2 + 1/12*m**5 - 2/3*m**3 + 0 + 0*m. Is p(-9) composite?
False
Suppose -n = -5*c - 4*n + 15, c - 3 = -5*n. Suppose 0 = c*b - 2*u - 39, -2*b + 54 = b + 3*u. Is 9/b + 1024/10 a composite number?
False
Suppose -9701609 = 514*l - 533*l. Is l a prime number?
True
Let i = 34283 + -14886. Let l = i - 9286. Is l composite?
False
Let z(a) = 7*a + 20. Suppose 5*c - 406 = -2*c. Suppose 0 = -4*l + 3*j + c, 0 = -l - 3*j - 2*j + 3. Is z(l) composite?
True
Suppose -44*a = -48*a + 5980. Let r = a + -521. Is r a composite number?
True
Let h(b) be the first derivative of -31*b**4/4 - 5*b**3/3 - 3*b**2 - 3*b + 26. Is h(-2) prime?
False
Suppose 13*j + j - 14 = 0. Let t(z) = 11288*z - 7. Is t(j) composite?
True
Let m = -13719 + 45221. Suppose 5*v + 0*o + 4*o - m = 0, o = v - 6304. Let b = 15969 - v. Is b prime?
False
Suppose 3*b + 4*b - 77 = 0. Suppose b*d + 215 = 2569. Let x = d - -205. Is x a composite number?
False
Suppose 40*a + 1069 = 39*a. Let c be (a*6/15)/((-1)/(-10)). Let q = -1269 - c. Is q prime?
False
Suppose 0 = -4*i - i - 45. Let a be (108/(-16))/i*820. Let x = a + -313. Is x a composite number?
True
Suppose -28*l + 42 = 210. Is 2/l*(-42346 - -19) a composite number?
True
Let m(x) = x**3 - 7*x**2 - 66*x + 21. Is m(20) a composite number?
True
Let a(m) be the second derivative of -m**5/10 + 29*m**3/6 - 14*m**2 - 3*m - 16. Is a(-13) a prime number?
True
Suppose -3*j - 19*g + 18*g + 2019175 = 0, -j = 4*g - 673029. Is j composite?
True
Let d = 326741 + 92697. Is d composite?
True
Is (-1 + 4)*(-1 + (-25)/(-30))*-43294 composite?
False
Suppose 111*a + 27813265 = 66*a + 70046530. Is a a composite number?
True
Let v be 7/(42/(-30)) + 5. Suppose a - 4*r + 5*r - 527 = v, 2*r = 2*a - 1054. Is a composite?
True
Is -16 + (-10313670)/(-210) + 4/14 a composite number?
True
Suppose 2 = -4*f - 2*d + 20, -3*f - 4*d = -21. Let b be (f - 36/20)*-15. Is (-11542)/(-18) + 4/b a prime number?
True
Let x = -322744 + 995947. Is x prime?
False
Let f be 4/6 + 20*2/3. Let p(o) = 2*o - 26. Let h be p(f). Suppose w - 97 = -5*i, h*w = 5*i + 54 + 80. Is w composite?
True
Suppose -1990508 = -316*y + 264*y. Is y a composite number?
True
Let f = -245 + 242. Is (f - 1917/(-6))*34/3 a prime number?
False
Suppose -13*t - 46476 = -857689. Is t a composite number?
False
Is -1015865*(105/75)/(-7) a prime number?
True
Let n(z) = -z**3 + 5*z**2 + 4*z + 8. Let b be n(6). Let a be (-4 - 280/(-36)) + b/(-18). Is 1889*(3 - (6 - a)) composite?
False
Let q = 31 + -6. Let n = q + -31. Is 10361/9 + -1*n/(-27) composite?
False
Let x be -2697 + 7 - 5 - 6. Let p = 3852 + x. Is p a prime number?
True
Let a = 87 + -85. Suppose -6281 - 757 = -2*q - a*r, 4*q - 14071 = r. Suppose 3*k = k + q. Is k a composite number?
False
Suppose 20*d = -d + 1465063 + 246038. Is d prime?
False
Let k(t) = -2*t**3 - 3*t**2 - t - 4. Let r be k(-2). Suppose 5*n - 1195 = -0*n - r*y, -5*n - 4*y = -1195. Let u = n + 48. Is u prime?
False
Let i(d) = -7 - 496*d + 15 + 231*d. Is i(-9) composite?
False
Let w be ((-27)/(-2))/((-1155)/392 - -3). Suppose -9*h = 5*h - w. Let u(f) = 36*f - 35. Is u(h) prime?
True
Suppose 0 = -29*g + 31*g + 101500. Let u = 101353 + g. Is u prime?
False
Suppose -28 = 5*v + 4*y - 3*y, 0 = -5*v + y - 32. Is (-2 + 13255)*(v - -7) a composite number?
True
Let t(i) = -699*i - 1364. Is t(-33) composite?
True
Is 37910816/921 - 2/(-12)*-10 prime?
True
Suppose 0 = p + 17 - 19. Suppose 0 = p*v - 4*l + 445 - 1259, 0 = -3*v + 4*l + 1231. Is v a composite number?
True
Let c = 15986 + -3397. Is c prime?
True
Is 99175/5*(-28)/(-28) 